{"id":17,"date":"2023-12-12T14:42:20","date_gmt":"2023-12-12T14:42:20","guid":{"rendered":"https:\/\/web4.rkinformatika.net\/iluntze2023\/?page_id=17"},"modified":"2023-12-14T09:21:52","modified_gmt":"2023-12-14T09:21:52","slug":"servicios","status":"publish","type":"page","link":"https:\/\/iluntze2023.com\/eus\/servicios\/","title":{"rendered":"Zerbitzuak"},"content":{"rendered":"<div data-elementor-type=\"wp-page\" data-elementor-id=\"17\" class=\"elementor elementor-17\" data-elementor-post-type=\"page\">\n\t\t\t\t\t\t<section class=\"elementor-section elementor-top-section elementor-element elementor-element-16a89ac8 elementor-section-boxed elementor-section-height-default elementor-section-height-default\" data-id=\"16a89ac8\" data-element_type=\"section\" data-e-type=\"section\" data-settings=\"{&quot;background_background&quot;:&quot;classic&quot;}\">\n\t\t\t\t\t\t\t<div class=\"elementor-background-overlay\"><\/div>\n\t\t\t\t\t\t\t<div class=\"elementor-container elementor-column-gap-default\">\n\t\t\t\t\t<div class=\"elementor-column elementor-col-100 elementor-top-column elementor-element elementor-element-1b3f149f\" data-id=\"1b3f149f\" data-element_type=\"column\" data-e-type=\"column\">\n\t\t\t<div class=\"elementor-widget-wrap elementor-element-populated\">\n\t\t\t\t\t\t<div class=\"elementor-element elementor-element-59d9992b elementor-widget elementor-widget-heading\" data-id=\"59d9992b\" data-element_type=\"widget\" data-e-type=\"widget\" data-widget_type=\"heading.default\">\n\t\t\t\t<div class=\"elementor-widget-container\">\n\t\t\t\t\t<h2 class=\"elementor-heading-title elementor-size-default\">Zerbitzuak<\/h2>\t\t\t\t<\/div>\n\t\t\t\t<\/div>\n\t\t\t\t\t<\/div>\n\t\t<\/div>\n\t\t\t\t\t<\/div>\n\t\t<\/section>\n\t\t\t\t<section class=\"elementor-section elementor-top-section elementor-element elementor-element-73604b0 elementor-reverse-mobile elementor-section-boxed elementor-section-height-default elementor-section-height-default\" data-id=\"73604b0\" data-element_type=\"section\" data-e-type=\"section\" data-settings=\"{&quot;background_background&quot;:&quot;classic&quot;}\">\n\t\t\t\t\t\t<div class=\"elementor-container elementor-column-gap-default\">\n\t\t\t\t\t<div class=\"elementor-column elementor-col-100 elementor-top-column elementor-element elementor-element-351d57b6\" data-id=\"351d57b6\" data-element_type=\"column\" data-e-type=\"column\">\n\t\t\t<div class=\"elementor-widget-wrap elementor-element-populated\">\n\t\t\t\t\t\t<div class=\"elementor-element elementor-element-14be10cf elementor-widget-divider--view-line_text elementor-widget-divider--element-align-center elementor-invisible elementor-widget elementor-widget-divider\" data-id=\"14be10cf\" data-element_type=\"widget\" data-e-type=\"widget\" data-settings=\"{&quot;_animation&quot;:&quot;fadeInUp&quot;}\" data-widget_type=\"divider.default\">\n\t\t\t\t<div class=\"elementor-widget-container\">\n\t\t\t\t\t\t\t<div class=\"elementor-divider\">\n\t\t\t<span class=\"elementor-divider-separator\">\n\t\t\t\t\t\t\t<span class=\"elementor-divider__text elementor-divider__element\">\n\t\t\t\tNuestros Servicios\t\t\t\t<\/span>\n\t\t\t\t\t\t<\/span>\n\t\t<\/div>\n\t\t\t\t\t\t<\/div>\n\t\t\t\t<\/div>\n\t\t\t\t<section class=\"elementor-section elementor-inner-section elementor-element elementor-element-649c95c0 elementor-section-full_width elementor-section-height-default elementor-section-height-default\" data-id=\"649c95c0\" data-element_type=\"section\" data-e-type=\"section\">\n\t\t\t\t\t\t<div class=\"elementor-container elementor-column-gap-default\">\n\t\t\t\t\t<div class=\"elementor-column elementor-col-33 elementor-inner-column elementor-element elementor-element-3864a85c elementor-invisible\" data-id=\"3864a85c\" data-element_type=\"column\" data-e-type=\"column\" data-settings=\"{&quot;animation&quot;:&quot;fadeIn&quot;,&quot;animation_delay&quot;:600}\">\n\t\t\t<div class=\"elementor-widget-wrap elementor-element-populated\">\n\t\t\t\t\t\t<div class=\"elementor-element elementor-element-a8fb0d8 elementor-position-right elementor-vertical-align-middle elementor-widget-tablet__width-initial elementor-widget elementor-widget-image-box\" data-id=\"a8fb0d8\" data-element_type=\"widget\" data-e-type=\"widget\" data-widget_type=\"image-box.default\">\n\t\t\t\t<div class=\"elementor-widget-container\">\n\t\t\t\t\t<div class=\"elementor-image-box-wrapper\"><figure class=\"elementor-image-box-img\"><img fetchpriority=\"high\" decoding=\"async\" width=\"2000\" height=\"1333\" src=\"https:\/\/iluntze2023.com\/wp-content\/uploads\/2023\/12\/cup-with-coffee-on-the-table-in-a-coffee-shop-.jpg\" class=\"attachment-full size-full wp-image-94\" alt=\"Cup with coffee on the table in a coffee shop.\" srcset=\"https:\/\/iluntze2023.com\/wp-content\/uploads\/2023\/12\/cup-with-coffee-on-the-table-in-a-coffee-shop-.jpg 2000w, https:\/\/iluntze2023.com\/wp-content\/uploads\/2023\/12\/cup-with-coffee-on-the-table-in-a-coffee-shop--300x200.jpg 300w, https:\/\/iluntze2023.com\/wp-content\/uploads\/2023\/12\/cup-with-coffee-on-the-table-in-a-coffee-shop--1024x682.jpg 1024w, https:\/\/iluntze2023.com\/wp-content\/uploads\/2023\/12\/cup-with-coffee-on-the-table-in-a-coffee-shop--768x512.jpg 768w, https:\/\/iluntze2023.com\/wp-content\/uploads\/2023\/12\/cup-with-coffee-on-the-table-in-a-coffee-shop--1536x1024.jpg 1536w, https:\/\/iluntze2023.com\/wp-content\/uploads\/2023\/12\/cup-with-coffee-on-the-table-in-a-coffee-shop--18x12.jpg 18w\" sizes=\"(max-width: 2000px) 100vw, 2000px\" \/><\/figure><div class=\"elementor-image-box-content\"><h5 class=\"elementor-image-box-title\">Kafeak<\/h5><p class=\"elementor-image-box-description\">Los mejores caf\u00e9s de la zona. Ven a disfrutarlos con nosotros.<\/p><\/div><\/div>\t\t\t\t<\/div>\n\t\t\t\t<\/div>\n\t\t\t\t<div class=\"elementor-element elementor-element-750d6f08 elementor-position-right elementor-vertical-align-middle elementor-widget-tablet__width-initial elementor-widget elementor-widget-image-box\" data-id=\"750d6f08\" data-element_type=\"widget\" data-e-type=\"widget\" data-widget_type=\"image-box.default\">\n\t\t\t\t<div class=\"elementor-widget-container\">\n\t\t\t\t\t<div class=\"elementor-image-box-wrapper\"><figure class=\"elementor-image-box-img\"><img decoding=\"async\" width=\"2000\" height=\"1335\" src=\"https:\/\/iluntze2023.com\/wp-content\/uploads\/2023\/12\/set-of-pinchos-on-the-table-1.jpg\" class=\"attachment-full size-full wp-image-95\" alt=\"Set of pinchos on the table\" srcset=\"https:\/\/iluntze2023.com\/wp-content\/uploads\/2023\/12\/set-of-pinchos-on-the-table-1.jpg 2000w, https:\/\/iluntze2023.com\/wp-content\/uploads\/2023\/12\/set-of-pinchos-on-the-table-1-300x200.jpg 300w, https:\/\/iluntze2023.com\/wp-content\/uploads\/2023\/12\/set-of-pinchos-on-the-table-1-1024x684.jpg 1024w, https:\/\/iluntze2023.com\/wp-content\/uploads\/2023\/12\/set-of-pinchos-on-the-table-1-768x513.jpg 768w, https:\/\/iluntze2023.com\/wp-content\/uploads\/2023\/12\/set-of-pinchos-on-the-table-1-1536x1025.jpg 1536w, https:\/\/iluntze2023.com\/wp-content\/uploads\/2023\/12\/set-of-pinchos-on-the-table-1-18x12.jpg 18w\" sizes=\"(max-width: 2000px) 100vw, 2000px\" \/><\/figure><div class=\"elementor-image-box-content\"><h5 class=\"elementor-image-box-title\">Pintxoak<\/h5><p class=\"elementor-image-box-description\">Gran variedad de pinchos para vuestra degustaci\u00f3n.<\/p><\/div><\/div>\t\t\t\t<\/div>\n\t\t\t\t<\/div>\n\t\t\t\t\t<\/div>\n\t\t<\/div>\n\t\t\t\t<div class=\"elementor-column elementor-col-33 elementor-inner-column elementor-element elementor-element-27397e7e elementor-invisible\" data-id=\"27397e7e\" data-element_type=\"column\" data-e-type=\"column\" data-settings=\"{&quot;background_background&quot;:&quot;classic&quot;,&quot;animation&quot;:&quot;fadeIn&quot;,&quot;animation_delay&quot;:400}\">\n\t\t\t<div class=\"elementor-widget-wrap elementor-element-populated\">\n\t\t\t\t\t\t<div class=\"elementor-element elementor-element-29354ce elementor-widget elementor-widget-spacer\" data-id=\"29354ce\" data-element_type=\"widget\" data-e-type=\"widget\" data-widget_type=\"spacer.default\">\n\t\t\t\t<div class=\"elementor-widget-container\">\n\t\t\t\t\t\t\t<div class=\"elementor-spacer\">\n\t\t\t<div class=\"elementor-spacer-inner\"><\/div>\n\t\t<\/div>\n\t\t\t\t\t\t<\/div>\n\t\t\t\t<\/div>\n\t\t\t\t\t<\/div>\n\t\t<\/div>\n\t\t\t\t<div class=\"elementor-column elementor-col-33 elementor-inner-column elementor-element elementor-element-278ca2d6 elementor-invisible\" data-id=\"278ca2d6\" data-element_type=\"column\" data-e-type=\"column\" data-settings=\"{&quot;animation&quot;:&quot;fadeIn&quot;,&quot;animation_delay&quot;:600}\">\n\t\t\t<div class=\"elementor-widget-wrap elementor-element-populated\">\n\t\t\t\t\t\t<div class=\"elementor-element elementor-element-1583307f elementor-position-right elementor-vertical-align-middle elementor-widget-tablet__width-initial elementor-widget elementor-widget-image-box\" data-id=\"1583307f\" data-element_type=\"widget\" data-e-type=\"widget\" data-widget_type=\"image-box.default\">\n\t\t\t\t<div class=\"elementor-widget-container\">\n\t\t\t\t\t<div class=\"elementor-image-box-wrapper\"><figure class=\"elementor-image-box-img\"><img decoding=\"async\" width=\"2000\" height=\"1335\" src=\"https:\/\/iluntze2023.com\/wp-content\/uploads\/2023\/12\/set-of-pinchos-on-the-table-2.jpg\" class=\"attachment-full size-full wp-image-100\" alt=\"Set of pinchos on the table\" srcset=\"https:\/\/iluntze2023.com\/wp-content\/uploads\/2023\/12\/set-of-pinchos-on-the-table-2.jpg 2000w, https:\/\/iluntze2023.com\/wp-content\/uploads\/2023\/12\/set-of-pinchos-on-the-table-2-300x200.jpg 300w, https:\/\/iluntze2023.com\/wp-content\/uploads\/2023\/12\/set-of-pinchos-on-the-table-2-1024x684.jpg 1024w, https:\/\/iluntze2023.com\/wp-content\/uploads\/2023\/12\/set-of-pinchos-on-the-table-2-768x513.jpg 768w, https:\/\/iluntze2023.com\/wp-content\/uploads\/2023\/12\/set-of-pinchos-on-the-table-2-1536x1025.jpg 1536w, https:\/\/iluntze2023.com\/wp-content\/uploads\/2023\/12\/set-of-pinchos-on-the-table-2-18x12.jpg 18w\" sizes=\"(max-width: 2000px) 100vw, 2000px\" \/><\/figure><div class=\"elementor-image-box-content\"><h5 class=\"elementor-image-box-title\">Pintxo Pote<\/h5><p class=\"elementor-image-box-description\">Disfrutad nuestro pincho pote cada semana.<\/p><\/div><\/div>\t\t\t\t<\/div>\n\t\t\t\t<\/div>\n\t\t\t\t<div class=\"elementor-element elementor-element-3d48fb1c elementor-position-right elementor-vertical-align-middle elementor-widget-tablet__width-initial elementor-widget elementor-widget-image-box\" data-id=\"3d48fb1c\" data-element_type=\"widget\" data-e-type=\"widget\" data-widget_type=\"image-box.default\">\n\t\t\t\t<div class=\"elementor-widget-container\">\n\t\t\t\t\t<div class=\"elementor-image-box-wrapper\"><figure class=\"elementor-image-box-img\"><img loading=\"lazy\" decoding=\"async\" width=\"2000\" height=\"1341\" src=\"https:\/\/iluntze2023.com\/wp-content\/uploads\/2023\/12\/a-glass-of-alcohol-close-up.jpg\" class=\"attachment-full size-full wp-image-102\" alt=\"A glass of alcohol, close up\" srcset=\"https:\/\/iluntze2023.com\/wp-content\/uploads\/2023\/12\/a-glass-of-alcohol-close-up.jpg 2000w, https:\/\/iluntze2023.com\/wp-content\/uploads\/2023\/12\/a-glass-of-alcohol-close-up-300x201.jpg 300w, https:\/\/iluntze2023.com\/wp-content\/uploads\/2023\/12\/a-glass-of-alcohol-close-up-1024x687.jpg 1024w, https:\/\/iluntze2023.com\/wp-content\/uploads\/2023\/12\/a-glass-of-alcohol-close-up-768x515.jpg 768w, https:\/\/iluntze2023.com\/wp-content\/uploads\/2023\/12\/a-glass-of-alcohol-close-up-1536x1030.jpg 1536w, https:\/\/iluntze2023.com\/wp-content\/uploads\/2023\/12\/a-glass-of-alcohol-close-up-18x12.jpg 18w\" sizes=\"(max-width: 2000px) 100vw, 2000px\" \/><\/figure><div class=\"elementor-image-box-content\"><h5 class=\"elementor-image-box-title\">Cubatas<\/h5><p class=\"elementor-image-box-description\">Cubatas variados y de calidad aqui en nuestro local.<\/p><\/div><\/div>\t\t\t\t<\/div>\n\t\t\t\t<\/div>\n\t\t\t\t\t<\/div>\n\t\t<\/div>\n\t\t\t\t\t<\/div>\n\t\t<\/section>\n\t\t\t\t\t<\/div>\n\t\t<\/div>\n\t\t\t\t\t<\/div>\n\t\t<\/section>\n\t\t<div class=\"elementor-element elementor-element-9e725e5 e-flex e-con-boxed e-con e-parent\" data-id=\"9e725e5\" data-element_type=\"container\" data-e-type=\"container\" data-settings=\"{&quot;background_background&quot;:&quot;classic&quot;}\">\n\t\t\t\t\t<div class=\"e-con-inner\">\n\t\t<div class=\"elementor-element elementor-element-dd39000 e-con-full e-flex e-con e-child\" data-id=\"dd39000\" data-element_type=\"container\" data-e-type=\"container\">\n\t\t\t\t<div class=\"elementor-element elementor-element-bbb0514 elementor-position-top elementor-widget elementor-widget-image-box\" data-id=\"bbb0514\" data-element_type=\"widget\" data-e-type=\"widget\" data-widget_type=\"image-box.default\">\n\t\t\t\t<div class=\"elementor-widget-container\">\n\t\t\t\t\t<div class=\"elementor-image-box-wrapper\"><figure class=\"elementor-image-box-img\"><img loading=\"lazy\" decoding=\"async\" width=\"2000\" height=\"1335\" src=\"https:\/\/iluntze2023.com\/wp-content\/uploads\/2023\/12\/set-of-pinchos-on-the-table-3.jpg\" class=\"attachment-full size-full wp-image-139\" alt=\"Set of pinchos on the table\" srcset=\"https:\/\/iluntze2023.com\/wp-content\/uploads\/2023\/12\/set-of-pinchos-on-the-table-3.jpg 2000w, https:\/\/iluntze2023.com\/wp-content\/uploads\/2023\/12\/set-of-pinchos-on-the-table-3-300x200.jpg 300w, https:\/\/iluntze2023.com\/wp-content\/uploads\/2023\/12\/set-of-pinchos-on-the-table-3-1024x684.jpg 1024w, https:\/\/iluntze2023.com\/wp-content\/uploads\/2023\/12\/set-of-pinchos-on-the-table-3-768x513.jpg 768w, https:\/\/iluntze2023.com\/wp-content\/uploads\/2023\/12\/set-of-pinchos-on-the-table-3-1536x1025.jpg 1536w, https:\/\/iluntze2023.com\/wp-content\/uploads\/2023\/12\/set-of-pinchos-on-the-table-3-18x12.jpg 18w\" sizes=\"(max-width: 2000px) 100vw, 2000px\" \/><\/figure><div class=\"elementor-image-box-content\"><h3 class=\"elementor-image-box-title\">Pintxo Pote<\/h3><p class=\"elementor-image-box-description\">De Jueves a S\u00e1bado: de 19:30 a 22:00<\/p><\/div><\/div>\t\t\t\t<\/div>\n\t\t\t\t<\/div>\n\t\t\t\t<\/div>\n\t\t<div class=\"elementor-element elementor-element-0ab11e9 e-con-full e-flex e-con e-child\" data-id=\"0ab11e9\" data-element_type=\"container\" data-e-type=\"container\">\n\t\t\t\t<div class=\"elementor-element elementor-element-9b2f533 elementor-position-top elementor-widget elementor-widget-image-box\" data-id=\"9b2f533\" data-element_type=\"widget\" data-e-type=\"widget\" data-widget_type=\"image-box.default\">\n\t\t\t\t<div class=\"elementor-widget-container\">\n\t\t\t\t\t<div class=\"elementor-image-box-wrapper\"><figure class=\"elementor-image-box-img\"><img loading=\"lazy\" decoding=\"async\" width=\"2000\" height=\"1333\" src=\"https:\/\/iluntze2023.com\/wp-content\/uploads\/2023\/12\/rings-of-squid.jpg\" class=\"attachment-full size-full wp-image-141\" alt=\"Rings of squid\" srcset=\"https:\/\/iluntze2023.com\/wp-content\/uploads\/2023\/12\/rings-of-squid.jpg 2000w, https:\/\/iluntze2023.com\/wp-content\/uploads\/2023\/12\/rings-of-squid-300x200.jpg 300w, https:\/\/iluntze2023.com\/wp-content\/uploads\/2023\/12\/rings-of-squid-1024x682.jpg 1024w, https:\/\/iluntze2023.com\/wp-content\/uploads\/2023\/12\/rings-of-squid-768x512.jpg 768w, https:\/\/iluntze2023.com\/wp-content\/uploads\/2023\/12\/rings-of-squid-1536x1024.jpg 1536w, https:\/\/iluntze2023.com\/wp-content\/uploads\/2023\/12\/rings-of-squid-18x12.jpg 18w\" sizes=\"(max-width: 2000px) 100vw, 2000px\" \/><\/figure><div class=\"elementor-image-box-content\"><h3 class=\"elementor-image-box-title\">Calamares<\/h3><p class=\"elementor-image-box-description\">Domingos y Festivos: de 12:30 a 15:00<\/p><\/div><\/div>\t\t\t\t<\/div>\n\t\t\t\t<\/div>\n\t\t\t\t<\/div>\n\t\t\t\t\t<\/div>\n\t\t\t\t<\/div>\n\t\t\t\t<section class=\"elementor-section elementor-top-section elementor-element elementor-element-33a08ac5 elementor-reverse-mobile elementor-section-boxed elementor-section-height-default elementor-section-height-default\" data-id=\"33a08ac5\" data-element_type=\"section\" data-e-type=\"section\" data-settings=\"{&quot;background_background&quot;:&quot;classic&quot;}\">\n\t\t\t\t\t\t<div class=\"elementor-container elementor-column-gap-default\">\n\t\t\t\t\t<div class=\"elementor-column elementor-col-100 elementor-top-column elementor-element elementor-element-5762f0f6\" data-id=\"5762f0f6\" data-element_type=\"column\" data-e-type=\"column\">\n\t\t\t<div class=\"elementor-widget-wrap elementor-element-populated\">\n\t\t\t\t\t\t<div class=\"elementor-element elementor-element-35f03b92 elementor-invisible elementor-widget elementor-widget-heading\" data-id=\"35f03b92\" data-element_type=\"widget\" data-e-type=\"widget\" data-settings=\"{&quot;_animation&quot;:&quot;fadeInUp&quot;,&quot;_animation_delay&quot;:200}\" data-widget_type=\"heading.default\">\n\t\t\t\t<div class=\"elementor-widget-container\">\n\t\t\t\t\t<h2 class=\"elementor-heading-title elementor-size-default\">\u00bfTe gusta lo que ves? \u00a1Pues ven a visitarnos!<\/h2>\t\t\t\t<\/div>\n\t\t\t\t<\/div>\n\t\t\t\t<div class=\"elementor-element elementor-element-8c857f2 elementor-align-center elementor-widget elementor-widget-button\" data-id=\"8c857f2\" data-element_type=\"widget\" data-e-type=\"widget\" data-widget_type=\"button.default\">\n\t\t\t\t<div class=\"elementor-widget-container\">\n\t\t\t\t\t\t\t\t\t<div class=\"elementor-button-wrapper\">\n\t\t\t\t\t<a class=\"elementor-button elementor-button-link elementor-size-md\" href=\"https:\/\/iluntze2023.com\/eus\/contacto\/\">\n\t\t\t\t\t\t<span class=\"elementor-button-content-wrapper\">\n\t\t\t\t\t\t\t\t\t<span class=\"elementor-button-text\">Cont\u00e1ctanos<\/span>\n\t\t\t\t\t<\/span>\n\t\t\t\t\t<\/a>\n\t\t\t\t<\/div>\n\t\t\t\t\t\t\t\t<\/div>\n\t\t\t\t<\/div>\n\t\t\t\t\t<\/div>\n\t\t<\/div>\n\t\t\t\t\t<\/div>\n\t\t<\/section>\n\t\t\t\t<\/div>","protected":false},"excerpt":{"rendered":"<p>Servicios Nuestros Servicios Caf\u00e9s Los mejores caf\u00e9s de la zona. Ven a disfrutarlos con nosotros. Pinchos Gran variedad de pinchos para vuestra degustaci\u00f3n. Pincho Pote Disfrutad nuestro pincho pote cada semana. Cubatas Cubatas variados y de calidad aqui en nuestro local. Pincho Pote De Jueves a S\u00e1bado: de 19:30 a 22:00 Calamares Domingos y Festivos: [&hellip;]<\/p>\n","protected":false},"author":1,"featured_media":0,"parent":0,"menu_order":0,"comment_status":"closed","ping_status":"closed","template":"elementor_canvas","meta":{"footnotes":""},"class_list":["post-17","page","type-page","status-publish","hentry"],"yoast_head":"<!-- This site is optimized with the Yoast SEO plugin v27.4 - https:\/\/yoast.com\/product\/yoast-seo-wordpress\/ -->\n<title>Servicios - Bar Iluntze<\/title>\n<meta name=\"robots\" content=\"index, follow, max-snippet:-1, max-image-preview:large, max-video-preview:-1\" \/>\n<link rel=\"canonical\" href=\"https:\/\/iluntze2023.com\/eus\/servicios\/\" \/>\n<meta property=\"og:locale\" content=\"en_US\" \/>\n<meta property=\"og:type\" content=\"article\" \/>\n<meta property=\"og:title\" content=\"Servicios - Bar Iluntze\" \/>\n<meta property=\"og:description\" content=\"Servicios Nuestros Servicios Caf\u00e9s Los mejores caf\u00e9s de la zona. Ven a disfrutarlos con nosotros. Pinchos Gran variedad de pinchos para vuestra degustaci\u00f3n. Pincho Pote Disfrutad nuestro pincho pote cada semana. Cubatas Cubatas variados y de calidad aqui en nuestro local. Pincho Pote De Jueves a S\u00e1bado: de 19:30 a 22:00 Calamares Domingos y Festivos: [&hellip;]\" \/>\n<meta property=\"og:url\" content=\"https:\/\/iluntze2023.com\/eus\/servicios\/\" \/>\n<meta property=\"og:site_name\" content=\"Bar Iluntze\" \/>\n<meta property=\"article:modified_time\" content=\"2023-12-14T09:21:52+00:00\" \/>\n<meta property=\"og:image\" content=\"https:\/\/iluntze2023.com\/wp-content\/uploads\/2023\/12\/cup-with-coffee-on-the-table-in-a-coffee-shop-.jpg\" \/>\n<meta name=\"twitter:card\" content=\"summary_large_image\" \/>\n<meta name=\"twitter:label1\" content=\"Est. reading time\" \/>\n\t<meta name=\"twitter:data1\" content=\"2 minutua\" \/>\n<script type=\"application\/ld+json\" class=\"yoast-schema-graph\">{\"@context\":\"https:\\\/\\\/schema.org\",\"@graph\":[{\"@type\":\"WebPage\",\"@id\":\"https:\\\/\\\/iluntze2023.com\\\/servicios\\\/\",\"url\":\"https:\\\/\\\/iluntze2023.com\\\/servicios\\\/\",\"name\":\"Servicios - Bar Iluntze\",\"isPartOf\":{\"@id\":\"https:\\\/\\\/iluntze2023.com\\\/#website\"},\"primaryImageOfPage\":{\"@id\":\"https:\\\/\\\/iluntze2023.com\\\/servicios\\\/#primaryimage\"},\"image\":{\"@id\":\"https:\\\/\\\/iluntze2023.com\\\/servicios\\\/#primaryimage\"},\"thumbnailUrl\":\"https:\\\/\\\/iluntze2023.com\\\/wp-content\\\/uploads\\\/2023\\\/12\\\/cup-with-coffee-on-the-table-in-a-coffee-shop-.jpg\",\"datePublished\":\"2023-12-12T14:42:20+00:00\",\"dateModified\":\"2023-12-14T09:21:52+00:00\",\"breadcrumb\":{\"@id\":\"https:\\\/\\\/iluntze2023.com\\\/servicios\\\/#breadcrumb\"},\"inLanguage\":\"eu\",\"potentialAction\":[{\"@type\":\"ReadAction\",\"target\":[\"https:\\\/\\\/iluntze2023.com\\\/servicios\\\/\"]}]},{\"@type\":\"ImageObject\",\"inLanguage\":\"eu\",\"@id\":\"https:\\\/\\\/iluntze2023.com\\\/servicios\\\/#primaryimage\",\"url\":\"https:\\\/\\\/iluntze2023.com\\\/wp-content\\\/uploads\\\/2023\\\/12\\\/cup-with-coffee-on-the-table-in-a-coffee-shop-.jpg\",\"contentUrl\":\"https:\\\/\\\/iluntze2023.com\\\/wp-content\\\/uploads\\\/2023\\\/12\\\/cup-with-coffee-on-the-table-in-a-coffee-shop-.jpg\"},{\"@type\":\"BreadcrumbList\",\"@id\":\"https:\\\/\\\/iluntze2023.com\\\/servicios\\\/#breadcrumb\",\"itemListElement\":[{\"@type\":\"ListItem\",\"position\":1,\"name\":\"Portada\",\"item\":\"https:\\\/\\\/iluntze2023.com\\\/\"},{\"@type\":\"ListItem\",\"position\":2,\"name\":\"Servicios\"}]},{\"@type\":\"WebSite\",\"@id\":\"https:\\\/\\\/iluntze2023.com\\\/#website\",\"url\":\"https:\\\/\\\/iluntze2023.com\\\/\",\"name\":\"Bar Iluntze\",\"description\":\"\",\"publisher\":{\"@id\":\"https:\\\/\\\/iluntze2023.com\\\/#organization\"},\"potentialAction\":[{\"@type\":\"SearchAction\",\"target\":{\"@type\":\"EntryPoint\",\"urlTemplate\":\"https:\\\/\\\/iluntze2023.com\\\/?s={search_term_string}\"},\"query-input\":{\"@type\":\"PropertyValueSpecification\",\"valueRequired\":true,\"valueName\":\"search_term_string\"}}],\"inLanguage\":\"eu\"},{\"@type\":\"Organization\",\"@id\":\"https:\\\/\\\/iluntze2023.com\\\/#organization\",\"name\":\"Bar Iluntze\",\"url\":\"https:\\\/\\\/iluntze2023.com\\\/\",\"logo\":{\"@type\":\"ImageObject\",\"inLanguage\":\"eu\",\"@id\":\"https:\\\/\\\/iluntze2023.com\\\/#\\\/schema\\\/logo\\\/image\\\/\",\"url\":\"https:\\\/\\\/iluntze2023.com\\\/wp-content\\\/uploads\\\/2023\\\/12\\\/cropped-1.png\",\"contentUrl\":\"https:\\\/\\\/iluntze2023.com\\\/wp-content\\\/uploads\\\/2023\\\/12\\\/cropped-1.png\",\"width\":500,\"height\":443,\"caption\":\"Bar Iluntze\"},\"image\":{\"@id\":\"https:\\\/\\\/iluntze2023.com\\\/#\\\/schema\\\/logo\\\/image\\\/\"}}]}<\/script>\n<!-- \/ Yoast SEO plugin. -->","yoast_head_json":{"title":"Servicios - Bar Iluntze","robots":{"index":"index","follow":"follow","max-snippet":"max-snippet:-1","max-image-preview":"max-image-preview:large","max-video-preview":"max-video-preview:-1"},"canonical":"https:\/\/iluntze2023.com\/eus\/servicios\/","og_locale":"en_US","og_type":"article","og_title":"Servicios - Bar Iluntze","og_description":"Servicios Nuestros Servicios Caf\u00e9s Los mejores caf\u00e9s de la zona. Ven a disfrutarlos con nosotros. Pinchos Gran variedad de pinchos para vuestra degustaci\u00f3n. Pincho Pote Disfrutad nuestro pincho pote cada semana. Cubatas Cubatas variados y de calidad aqui en nuestro local. Pincho Pote De Jueves a S\u00e1bado: de 19:30 a 22:00 Calamares Domingos y Festivos: [&hellip;]","og_url":"https:\/\/iluntze2023.com\/eus\/servicios\/","og_site_name":"Bar Iluntze","article_modified_time":"2023-12-14T09:21:52+00:00","og_image":[{"url":"https:\/\/iluntze2023.com\/wp-content\/uploads\/2023\/12\/cup-with-coffee-on-the-table-in-a-coffee-shop-.jpg","type":"","width":"","height":""}],"twitter_card":"summary_large_image","twitter_misc":{"Est. reading time":"2 minutua"},"schema":{"@context":"https:\/\/schema.org","@graph":[{"@type":"WebPage","@id":"https:\/\/iluntze2023.com\/servicios\/","url":"https:\/\/iluntze2023.com\/servicios\/","name":"Servicios - Bar Iluntze","isPartOf":{"@id":"https:\/\/iluntze2023.com\/#website"},"primaryImageOfPage":{"@id":"https:\/\/iluntze2023.com\/servicios\/#primaryimage"},"image":{"@id":"https:\/\/iluntze2023.com\/servicios\/#primaryimage"},"thumbnailUrl":"https:\/\/iluntze2023.com\/wp-content\/uploads\/2023\/12\/cup-with-coffee-on-the-table-in-a-coffee-shop-.jpg","datePublished":"2023-12-12T14:42:20+00:00","dateModified":"2023-12-14T09:21:52+00:00","breadcrumb":{"@id":"https:\/\/iluntze2023.com\/servicios\/#breadcrumb"},"inLanguage":"eu","potentialAction":[{"@type":"ReadAction","target":["https:\/\/iluntze2023.com\/servicios\/"]}]},{"@type":"ImageObject","inLanguage":"eu","@id":"https:\/\/iluntze2023.com\/servicios\/#primaryimage","url":"https:\/\/iluntze2023.com\/wp-content\/uploads\/2023\/12\/cup-with-coffee-on-the-table-in-a-coffee-shop-.jpg","contentUrl":"https:\/\/iluntze2023.com\/wp-content\/uploads\/2023\/12\/cup-with-coffee-on-the-table-in-a-coffee-shop-.jpg"},{"@type":"BreadcrumbList","@id":"https:\/\/iluntze2023.com\/servicios\/#breadcrumb","itemListElement":[{"@type":"ListItem","position":1,"name":"Portada","item":"https:\/\/iluntze2023.com\/"},{"@type":"ListItem","position":2,"name":"Servicios"}]},{"@type":"WebSite","@id":"https:\/\/iluntze2023.com\/#website","url":"https:\/\/iluntze2023.com\/","name":"Bar Iluntze","description":"","publisher":{"@id":"https:\/\/iluntze2023.com\/#organization"},"potentialAction":[{"@type":"SearchAction","target":{"@type":"EntryPoint","urlTemplate":"https:\/\/iluntze2023.com\/?s={search_term_string}"},"query-input":{"@type":"PropertyValueSpecification","valueRequired":true,"valueName":"search_term_string"}}],"inLanguage":"eu"},{"@type":"Organization","@id":"https:\/\/iluntze2023.com\/#organization","name":"Bar Iluntze","url":"https:\/\/iluntze2023.com\/","logo":{"@type":"ImageObject","inLanguage":"eu","@id":"https:\/\/iluntze2023.com\/#\/schema\/logo\/image\/","url":"https:\/\/iluntze2023.com\/wp-content\/uploads\/2023\/12\/cropped-1.png","contentUrl":"https:\/\/iluntze2023.com\/wp-content\/uploads\/2023\/12\/cropped-1.png","width":500,"height":443,"caption":"Bar Iluntze"},"image":{"@id":"https:\/\/iluntze2023.com\/#\/schema\/logo\/image\/"}}]}},"_links":{"self":[{"href":"https:\/\/iluntze2023.com\/eus\/wp-json\/wp\/v2\/pages\/17","targetHints":{"allow":["GET"]}}],"collection":[{"href":"https:\/\/iluntze2023.com\/eus\/wp-json\/wp\/v2\/pages"}],"about":[{"href":"https:\/\/iluntze2023.com\/eus\/wp-json\/wp\/v2\/types\/page"}],"author":[{"embeddable":true,"href":"https:\/\/iluntze2023.com\/eus\/wp-json\/wp\/v2\/users\/1"}],"replies":[{"embeddable":true,"href":"https:\/\/iluntze2023.com\/eus\/wp-json\/wp\/v2\/comments?post=17"}],"version-history":[{"count":16,"href":"https:\/\/iluntze2023.com\/eus\/wp-json\/wp\/v2\/pages\/17\/revisions"}],"predecessor-version":[{"id":144,"href":"https:\/\/iluntze2023.com\/eus\/wp-json\/wp\/v2\/pages\/17\/revisions\/144"}],"wp:attachment":[{"href":"https:\/\/iluntze2023.com\/eus\/wp-json\/wp\/v2\/media?parent=17"}],"curies":[{"name":"wp","href":"https:\/\/api.w.org\/{rel}","templated":true}]}}